. Suppose 0 = y*r - 19*r - 120. What is the tens digit of r?
3
Suppose 14*k - 150 = 9*k. Suppose -12*o + k = -6*o. What is the units digit of o?
5
Suppose -4*t + 6 = -2. Let a(o) = 7*o**2 - o. Let w be a(-1). Let q = w + t. What is the units digit of q?
0
Let q = -1802 + 2772. What is the units digit of q?
0
Let f be -2 + -1 - 3/(-1) - -124. Let c = -34 + f. What is the units digit of c?
0
Let w(k) = 3*k**3 + 7*k**2 - k - 11. Let j(o) = -4*o**3 - 11*o**2 + o + 17. Let m(u) = 5*j(u) + 7*w(u). What is the tens digit of m(7)?
4
Let p(v) = -3*v - 24. Let q be p(-7). Let o(y) = -13 - 16*y + 13. What is the units digit of o(q)?
8
Let n(s) = 20 - 36*s + 4*s**2 - 11 - 20. What is the units digit of n(10)?
9
Let u = 7 - 1. Suppose -u*y = 315 - 1077. What is the tens digit of y?
2
Suppose -7*n + 5*n + 652 = 0. What is the hundreds digit of n?
3
Let f(m) = -m**3 - 11*m**2 - 4*m - 16. Let n be f(-12). Suppose n = 8*i - 6*i. Suppose r = -3*r + i. What is the units digit of r?
2
Suppose v = 5 + 2. Suppose 0 = -v*l - l + 1232. Let t = l + -96. What is the tens digit of t?
5
Let l = 12 + -9. Let r be -1*5 + (-9)/l. Let z(m) = -m**3 - 8*m**2 - 3*m - 10. What is the units digit of z(r)?
4
Suppose 51*p = 55*p. Suppose 5*x = 5*c - 175, -4*c + p*x = 2*x - 158. What is the tens digit of c?
3
Let n = 55 - 52. Suppose -206 = -n*o - t, 6 + 2 = 4*t. What is the tens digit of o?
6
Let j(m) = m**2 - 5*m - 10. Let w be j(10). Suppose -64 = -2*u + w. What is the units digit of u?
2
What is the units digit of (8 + 105/(-14))/(1/454)?
7
Let f(t) = -7*t**2 - 5*t - 1. Let n(r) = 9*r**2 + 5*r + 2. Let c(w) = -4*f(w) - 3*n(w). Suppose -g = -3*g, 3*s = -4*g - 18. What is the units digit of c(s)?
4
Let p(b) = -b**2 + 10*b + 2. Let x(l) = 2*l - 2. Let q be x(6). Let f be p(q). What is the tens digit of 84/8 + f/(-4)?
1
Let k(z) = -z**3 + 81*z**2 + 62*z. What is the tens digit of k(81)?
2
Suppose 4*w + 42 - 62 = 0. Suppose -s - 584 = -w*s. What is the tens digit of s?
4
Let a(d) = 9*d - 1. Suppose 7 = 3*g - 2. Suppose 2*h + 2*x - 10 = 0, -g*h - 4*x = -2*h - 11. What is the units digit of a(h)?
6
Let l be 0 + 1/(-3) + (-52)/(-12). Let o(r) = 29*r + 29. What is the units digit of o(l)?
5
Let w = -505 + 1486. What is the tens digit of w?
8
Let b = -137 - -151. What is the units digit of b?
4
Suppose -31*f + 20*f = -4180. What is the units digit of f?
0
Suppose -6*s + 37 = -89. What is the tens digit of s + (2 - -18)/(-5)?
1
Suppose -122*c + 118*c + 2*q = -6344, -4*c + 3*q + 6342 = 0. What is the hundreds digit of c?
5
Let w(c) = -c**3 - 27*c**2 - 5*c + 82. What is the units digit of w(-27)?
7
Suppose -55*q = -56*q + 70. Let n be 1/(-2) + 648/16. Let h = q - n. What is the units digit of h?
0
Let j = 185 - 69. Let c = 189 - j. What is the tens digit of c?
7
Let n(f) = f**3 - 9*f**2 + 22*f - 7. What is the tens digit of n(9)?
9
Let b(r) = 106*r - 102. What is the units digit of b(5)?
8
Let z(g) = -8*g + 1. Let c(r) = -8*r + 2. Let p(d) = -5*c(d) + 4*z(d). What is the units digit of p(4)?
6
Let m(n) = 88*n + 1. Let o be m(5). Let t be 2*1*o/18. Suppose -3*d + t = -20. What is the tens digit of d?
2
Suppose -3*h = -111 - 18. Let i = h - -88. What is the hundreds digit of i?
1
Suppose -m - 3*i = i + 9, 0 = -5*m - 3*i + 6. Let c be (-2 - m)*(-12)/15. Suppose -p - 21 = -3*j, -4*j + 15 = -p + c*p. What is the units digit of j?
6
Let t(d) = 27 + 2 - 2*d - 2*d - 3*d. What is the tens digit of t(-9)?
9
Suppose 4*n + 3 + 7 = 2*f, -5*f = 3*n + 40. Let m(q) = q**3 + 3*q**2 - 8*q - 5. Let h be m(n). What is the tens digit of (-4 - (-160)/h)*-3?
4
Let t be (75/(-6) - 1)*-14. Let a be t/5 + (-1)/(-5). Suppose y = -y + a. What is the tens digit of y?
1
Suppose 3*s + 5*f = 8*s - 1925, s - 3*f = 385. What is the tens digit of s?
8
Let n = 391 + -117. What is the hundreds digit of n?
2
Let v = 30 - 14. Let j(z) = 1 - 6*z + 1 - 5 + v*z. What is the tens digit of j(2)?
1
Suppose -56*d + 43994 = -44206. What is the hundreds digit of d?
5
Let b = 337 + 46. What is the hundreds digit of b?
3
Let j(o) = 49*o - 26. What is the units digit of j(14)?
0
Let k = 12 + -100. What is the units digit of (1*(-9)/2)/(44/k)?
9
Let y be (-1 + 0 + 0)*-27. Suppose 2*q - 2*g - y = -5, 32 = 2*q - 4*g. What is the units digit of q?
6
Suppose 4007 = -6*u + 16823. What is the thousands digit of u?
2
Let z = -2 - -7. Suppose -n + 5 = 3*q + 59, z*n = -3*q - 222. Let p = n - -60. What is the tens digit of p?
1
Suppose 100*t - 133*t + 110616 = 0. What is the hundreds digit of t?
3
Let x(z) = 23*z**3 + 2*z - 1. Let r = 15 + -14. Let t be x(r). Let d = t - 16. What is the units digit of d?
8
Suppose 0 = -w + 3 - 11. Let l = w + 10. Suppose 0 = -3*q + 2*g + l*g + 130, 46 = q - 2*g. What is the units digit of q?
8
Let a(b) = -8*b**3 + 2*b**2 - 8*b - 5. Let p be a(-5). Suppose -29*d + 24*d + p = 0. What is the hundreds digit of d?
2
Let d = -13 + 7. Let g(v) = v**3 + 4*v**2 - 12*v + 2. Let w be g(d). Suppose -h = -3*i - 54, 66 = 2*h - w*i - 38. What is the tens digit of h?
5
Suppose -5*b = 2*f - 24, -3*f + 40 = 4*b + 11. Suppose 0*h + f = -h + 5*o, 4*h = -o + 14. Suppose -y + 32 = h*y. What is the units digit of y?
8
Let j = 573 - 173. What is the units digit of j?
0
Let p be 44/(5 + -1) - -2. Suppose 12*h - p*h + 101 = 0. What is the hundreds digit of h?
1
Suppose -2*c + 4*l + 587 + 3625 = 0, 3*c = -4*l + 6338. What is the units digit of c?
0
Let z(j) = j**2 - 16*j + 76. What is the tens digit of z(6)?
1
Suppose 5*j - 740 = 15*j. Let g = -14 + -28. Let u = g - j. What is the units digit of u?
2
What is the tens digit of -4 + (-4)/2 + (9 - -2556)?
5
Suppose -p = -3*a + 3*p + 90, 142 = 5*a - 4*p. Let o = 74 - 34. Let u = o - a. What is the tens digit of u?
1
Suppose 0 = -39*h + h + 48944. What is the units digit of h?
8
Let d(i) = 337*i**2 + 12*i + 7. What is the units digit of d(-3)?
4
Let d(g) = 257*g + 54. Let b be d(6). Suppose -22*k + b = -16*k. What is the units digit of k?
6
Let r(w) = -w**3 - 10*w**2 + 2*w + 8. Let l be r(-10). Let b be -20*l/(-45)*9. Let t = -34 - b. What is the units digit of t?
4
Suppose 4*y + 2 = 30. Suppose 2*i + 10 = y*i. Suppose m = -i*l + 16, 0*l + 20 = m + l. What is the units digit of m?
4
Let y = -4039 + 7310. What is the tens digit of y?
7
Let b(d) = d**2 + 9*d - 1. Let x be b(-7). What is the units digit of (7 - 4)/(x/(-425))?
5
Let a(f) = -2*f**2 + 44*f + 12. What is the units digit of a(13)?
6
Suppose 32*t - 672 = 20*t. What is the tens digit of t?
5
Suppose -5*g + 5 = -5*b, -b - 4*g = -0*b + 1. What is the hundreds digit of 8120/48 - b/(-6)?
1
Let g = 66 + -94. Let n = g - -42. What is the units digit of n?
4
Suppose -5 = 2*m - 3. Let z be ((-72)/42)/(m/7). Suppose p - 2 - z = 0. What is the tens digit of p?
1
Let v be 0 - (4 + -3 + -8). Suppose -v*r + 6*r = -68. What is the tens digit of r?
6
Let h = 47 - 43. Suppose -o = 4*s - 66, h*o - 23 = s + 258. What is the units digit of o?
0
Suppose 10*w - 11*w = 0. Suppose -99 = -3*k - w*k. What is the tens digit of k?
3
What is the hundreds digit of 144 + 7 + 4/((-4)/5)?
1
Let f(w) = w - 1. Let d(g) be the first derivative of 7*g**2 - 10*g - 3. Let c(o) = -d(o) + 8*f(o). What is the tens digit of c(-2)?
1
Let s(m) = -26*m - 179. What is the hundreds digit of s(-23)?
4
Let p = 17 - 15. Let f(u) = -2*u + 3. Let d be f(p). Let c = 31 + d. What is the tens digit of c?
3
Let j = -159 + 81. Let b = -37 - j. What is the units digit of b?
1
Let i = 3 - -2. Suppose -g + i*g - 8 = 0. Suppose -3 = -g*m + 15. What is the units digit of m?
9
Let r(u) = -u**2 - 10*u + 9. Let s be r(-11). Suppose 17 = -2*k - 3*k + 4*t, 0 = 5*k - 3*t + 14. What is the units digit of k/(25/13 + s)?
3
Suppose -2*z - z - m = -11, 5*z - 4*m - 7 = 0. Suppose 0 = -t - z, -2*t - 11 + 33 = 4*x. Let u(p) = p**2 - p - 4. What is the units digit of u(x)?
8
Let q be (-4)/3 - (-1)/3 - 7. Let b(x) = 2*x**2 + 3*x - 15. What is the units digit of b(q)?
9
Suppose -w = -2*w. Suppose -3*b + 4*x = 3*x - 13, w = 5*b + x - 19. Suppose b*p - 324 + 112 = 0. What is the tens digit of p?
5
Suppose 4*l = t - 53, -l - 2*t + 13 = 3*t. What is the units digit of 2/(-8) + 2 + (-699)/l?
0
Let s(l) be the second derivative of -l**3/3 - 5*l**2/2 - l. Let q be s(-4). Suppose -q*f + 4*f = 12. What is the tens digit of f